t and x.
5
Let h = 17 - -51. Let u = h + -80. Let i be u/(-30) + 53/5. What is the greatest common divisor of i and 55?
11
Let z(h) = -80*h + 482. Let q be z(6). Calculate the highest common divisor of 390 and q.
2
Let l be (4/8 - (-5)/10)*(16 + -12). What is the highest common divisor of l and 484?
4
Suppose 234*s - 62*s = 937744. What is the greatest common divisor of s and 141?
47
Let v(o) = 27*o - 3. Let b be v(4). Let w be 49/3*(-3114)/(-1211). Calculate the greatest common divisor of b and w.
21
Suppose -639*w - 797 = -657*w - 149. What is the highest common factor of w and 1017?
9
Let r be (-247)/(-26) + -9 - 309/(-6). Calculate the greatest common factor of r and 2262.
26
Let z(i) = -i**3 - i**2 - 2*i + 11. Let f be z(0). Let o = 52 - 41. Let v = 55 - o. Calculate the highest common divisor of v and f.
11
Let c be 15/(-225)*24*(-15)/6. What is the highest common divisor of 788 and c?
4
Let m be ((-6)/(-4))/(1/14). Suppose -10*r + 189 = 109. Let c be (-7)/28 + 282/r. What is the greatest common factor of m and c?
7
Let b be 27 - 1*(0 - 0). Let m = -609 + 616. Let h(y) = -3*y + 264. Let v be h(m). Calculate the highest common divisor of v and b.
27
Let p(y) = y + 1. Let j be p(1). Suppose 5*o = -4*r + 89, 71*r + 41 = 72*r + 5*o. Suppose 0 = -r*n + 7*n + 198. What is the greatest common divisor of n and j?
2
Let l(s) = -536*s + 4342. Let m be l(8). What is the highest common divisor of 2034 and m?
18
Let s = -358 - -554. Suppose 712*f = 705*f + 196. Calculate the greatest common divisor of f and s.
28
Let c(z) = 13*z**2 + 92*z + 174. Let d be c(-2). Calculate the highest common divisor of 105 and d.
21
Let m(y) = -2*y**2 + 68. Let u(o) = o**2 - o - 34. Let h(q) = -2*m(q) - 5*u(q). Let t be h(8). Calculate the highest common factor of 310 and t.
10
Let q be (-15106)/(-19 - -5) - 6. Calculate the highest common divisor of q and 37.
37
Let l(h) = h**2 + 17*h - 9. Let r be l(-18). Let o(u) = 2*u**2 - 16*u - 14. Let d be o(r). Calculate the highest common divisor of d and 40.
4
Suppose -92 = -3*h - h. Let j(z) = 1 - z + 3*z + 0 + 2*z + 11*z**2. Let k be j(-4). What is the greatest common divisor of h and k?
23
Suppose 13*g = 4*m + 10*g - 22, 4*m = -5*g + 6. Suppose x = m*b - 320, -2*b + x - 54 = -216. What is the highest common divisor of 395 and b?
79
Suppose -148*f = -158*f. Suppose -2*n - 24*n + 6370 = f. Calculate the highest common divisor of n and 49.
49
Let p be 1/4*((-133)/(-1) + (-1)/1). Calculate the greatest common factor of 2497 and p.
11
Suppose -76*b + 77*b + 1 = 0. Let o be -60*-1*b/(-1). What is the greatest common divisor of 48 and o?
12
Let v = 4178 - 4051. Calculate the greatest common divisor of 4064 and v.
127
Suppose 199*y = -1114*y - 247*y + 273000. Let l be (14/(-6))/((-1)/9). What is the greatest common factor of y and l?
7
Let d(o) = 16*o**2 + 116*o - 557. Let w be d(5). What is the highest common divisor of 752 and w?
47
Let b be (-64)/96*(-16 - 2). Suppose -b*p + 537 = -315. What is the greatest common factor of 71 and p?
71
Suppose 3 = l - 5*c + 14, -35 = -3*l - 2*c. Let n = -6 + l. Suppose 46 = 4*x + 5*s - 7*s, -n*x + 27 = s. What is the highest common factor of x and 110?
10
Let q be 16671/15 - 282/(-470). Calculate the greatest common divisor of 56 and q.
8
Let d be 363/(-55) - 24/(-15). Let a(l) = 3*l**2 + 5*l - 36. Let h be a(d). What is the highest common factor of 6 and h?
2
Suppose -10 = -7*m + 5*m. Suppose -88 = -q - 5*o + 25, 5*q - 499 = -3*o. Let d be (-8)/14 - (-1036)/q. Calculate the highest common factor of m and d.
5
Let i(g) = 32*g + 133. Let o be i(5). Suppose 33 = -4*v + o. What is the greatest common divisor of 195 and v?
65
Suppose 9*m - 2230 = 5*m + 2*g, -5*g = m - 585. Let t = -363 - -447. Calculate the highest common divisor of m and t.
28
Let w = 297 - 135. Let m = w - 43. Let p be 260/15 + (-1)/3. Calculate the highest common factor of m and p.
17
Suppose 0 = -9*a + 18 + 63. Suppose 0 = -5*u - 56 + 191. What is the greatest common divisor of a and u?
9
Suppose -234*r + 146 = -88. Let t(v) = -v**3 - 8*v**2 - 9*v - 8. Let g be t(-7). Suppose g*p - 16 = 2*p. What is the greatest common factor of p and r?
1
Suppose 4*k - 222 = 3*n, 0*n + n - 106 = -2*k. Let d be (10/(-1))/(12/162*-3). What is the highest common factor of k and d?
9
Let i be 58/10 + -10*(-20)/(-250). Calculate the highest common divisor of i and 80.
5
Let u be 1*350 + (2 - 4). Let f(k) = 2238*k - 13312. Let r be f(6). Calculate the highest common divisor of u and r.
116
Let s(w) = w - 13. Let f be s(9). Let t(h) = -h**3 - h**2 + 8*h + 9. Let i be t(f). Let n = 28 - i. Calculate the greatest common factor of 3 and n.
3
Let h(z) = 3*z - 4. Let m be h(8). Let f(y) = 7 + 6*y - 5 - 5 + 7*y. Let g be f(1). What is the highest common factor of m and g?
10
Let p(q) = 307*q + 2373. Let a be p(6). What is the highest common divisor of 25 and a?
5
Let m(d) = -2*d**3 - 2*d**2 - 56*d - 735. Let x be m(-15). What is the greatest common factor of 244 and x?
61
Suppose -3 = -37*k + 34*k, 3*k = y - 21. Let o(r) = -r**3 + 8*r**2 - 7*r + 8. Let u be o(7). Calculate the highest common factor of u and y.
8
Let p = 5242 + -367. Calculate the highest common factor of 30 and p.
15
Suppose 5*i = n - 680, i + 12 = -i. Calculate the greatest common factor of 775 and n.
25
Suppose 3*y + 3*s = 12, 5*s + 23 - 34 = 4*y. Let b be 3 + -4 - (-154 + y). What is the greatest common divisor of 38 and b?
38
Suppose 2*h + 585 = 3*o, -2*o + 151 + 239 = 3*h. Suppose 64*l - 4*b - 32 = 62*l, -2*b + 104 = 3*l. What is the highest common divisor of l and o?
15
Suppose -1868 + 804 = -19*j. What is the greatest common factor of 1128 and j?
8
Let x be 4685 + ((-140)/30 - -4)*6. What is the highest common factor of x and 93?
31
Let k = 194 - 166. Suppose 0 = k*l - 1195 - 233. Calculate the greatest common divisor of 221 and l.
17
Suppose 94 = -4*y + 86, 3*i + 5*y = 53. Let t = 98 + 108. Let b = t + -143. Calculate the highest common divisor of b and i.
21
Let w be (-1824)/(-48) + 7*1. Suppose -54*k + 90 = -w*k. What is the greatest common factor of 370 and k?
10
Suppose 3*r + 5*k = 214, 0 = 5*r + 13*k - 18*k - 290. Suppose 0*c = 5*c - 25, -3*c + 24 = -n. Let b = 18 + n. Calculate the highest common factor of r and b.
9
Let p be (-8)/6 - (-1210)/66. Calculate the highest common divisor of 799 and p.
17
Let z(g) = -g**2 - 37*g + 138. Let i be z(-31). Let w = 334 - i. Calculate the greatest common divisor of w and 530.
10
Let p = -2565 - -2675. Let c(s) = 12*s - 8. Let d be c(4). What is the greatest common divisor of d and p?
10
Suppose -357 = -3*n - 3*y, -n + y + 182 = 53. Calculate the highest common factor of 2 and n.
2
Let u = -2728 - -4225. Suppose u*g = 1499*g - 444. What is the greatest common divisor of g and 24?
6
Suppose 0 = -437*t + 436*t + x + 92, 4*t + 4*x - 336 = 0. What is the greatest common factor of 27544 and t?
88
Let q be 1/6 + (-2)/((-12)/23). Suppose -11*b + 5 = -6*b, q*b = -w + 293. What is the greatest common divisor of 17 and w?
17
Suppose -1744 = -4*g + 48. Suppose -5*s + 2 = -4*i - 3, 0 = -3*i. Let m be 279/5 - s/(-5). Calculate the greatest common factor of g and m.
56
Suppose -141*o + 153*o - 720 = 0. Let m = 74 - o. What is the greatest common factor of m and 70?
14
Suppose 9*x = 331 + 758. Suppose 2 + 8 = 5*l, 0 = -3*g - 5*l + x. Calculate the greatest common divisor of 407 and g.
37
Suppose 371 = 2*r - 5*m, 4*m - 812 = 13*r - 17*r. Calculate the greatest common factor of 54252 and r.
198
Suppose 0 = 16*z - 72*z + 616. Let r be -46*2*(-1)/(-4). Let b = 10 - r. What is the greatest common divisor of z and b?
11
Suppose 51*i + 305 = 753 + 368. What is the greatest common divisor of i and 1236?
4
Let q(a) = 27*a - 12. Let y be q(1). Let i(t) = t**2 - 17*t + 36. Let d be i(y). Calculate the highest common divisor of d and 2.
2
Let h(n) = -n**2 + 7*n - 10. Let m be h(5). Let g be m + 1 + 2/(10/95). Calculate the highest common factor of 28 and g.
4
Let o(a) = 4*a - 36. Let q(i) = 2*i**2 + 10*i + 4. Let w be q(-6). Let n be o(w). Calculate the highest common divisor of n and 56.
28
Suppose 0*x - 4*x = -24. Let f = -82 + 84. Let g be (-35)/f*24/(-10). Calculate the highest common divisor of g and x.
6
Let c be 42/91 - 4736/(-104). Calculate the highe